{"id":50,"date":"2025-07-16T09:39:37","date_gmt":"2025-07-16T07:39:37","guid":{"rendered":"http:\/\/serwer371373.lh.pl\/autoinstalator\/serwer371373.lh.pl\/wordpress127488\/?page_id=50"},"modified":"2025-07-16T13:29:28","modified_gmt":"2025-07-16T11:29:28","slug":"wegiel-orzech-i","status":"publish","type":"page","link":"https:\/\/smartcarbon.pl\/index.php\/wegiel-orzech-i\/","title":{"rendered":"W\u0119giel orzech I"},"content":{"rendered":"\t\t<div data-elementor-type=\"wp-page\" data-elementor-id=\"50\" class=\"elementor elementor-50\">\n\t\t\t\t<div class=\"elementor-element elementor-element-7914b8f e-flex e-con-boxed e-con e-parent\" data-id=\"7914b8f\" data-element_type=\"container\">\n\t\t\t\t\t<div class=\"e-con-inner\">\n\t\t\t\t<div class=\"elementor-element elementor-element-11139e7 elementor-widget elementor-widget-heading\" data-id=\"11139e7\" data-element_type=\"widget\" data-widget_type=\"heading.default\">\n\t\t\t\t\t<h2 class=\"elementor-heading-title elementor-size-default\">_______<\/h2>\t\t\t\t<\/div>\n\t\t\t\t\t<\/div>\n\t\t\t\t<\/div>\n\t\t<div class=\"elementor-element elementor-element-2af84f4 e-flex e-con-boxed e-con e-parent\" data-id=\"2af84f4\" data-element_type=\"container\">\n\t\t\t\t\t<div class=\"e-con-inner\">\n\t\t\t\t<div class=\"elementor-element elementor-element-cdcb18f elementor-widget elementor-widget-heading\" data-id=\"cdcb18f\" data-element_type=\"widget\" data-widget_type=\"heading.default\">\n\t\t\t\t\t<h1 class=\"elementor-heading-title elementor-size-default\">W\u0119giel orzech I<\/h1>\t\t\t\t<\/div>\n\t\t\t\t\t<\/div>\n\t\t\t\t<\/div>\n\t\t<div class=\"elementor-element elementor-element-a69c459 e-flex e-con-boxed e-con e-parent\" data-id=\"a69c459\" data-element_type=\"container\">\n\t\t\t\t\t<div class=\"e-con-inner\">\n\t\t\t\t<div class=\"elementor-element elementor-element-33fcc26 elementor-widget elementor-widget-image\" data-id=\"33fcc26\" data-element_type=\"widget\" data-widget_type=\"image.default\">\n\t\t\t\t\t\t\t\t\t\t\t\t\t\t\t<img fetchpriority=\"high\" decoding=\"async\" width=\"740\" height=\"554\" src=\"https:\/\/smartcarbon.pl\/wp-content\/uploads\/2025\/07\/tekstura-cementu_1194-6499.jpg\" class=\"attachment-large size-large wp-image-25\" alt=\"\" srcset=\"https:\/\/smartcarbon.pl\/wp-content\/uploads\/2025\/07\/tekstura-cementu_1194-6499.jpg 740w, https:\/\/smartcarbon.pl\/wp-content\/uploads\/2025\/07\/tekstura-cementu_1194-6499-300x225.jpg 300w\" sizes=\"(max-width: 740px) 100vw, 740px\" \/>\t\t\t\t\t\t\t\t\t\t\t\t\t\t\t<\/div>\n\t\t\t\t<div class=\"elementor-element elementor-element-3910d4f elementor-align-center elementor-widget elementor-widget-button\" data-id=\"3910d4f\" data-element_type=\"widget\" data-widget_type=\"button.default\">\n\t\t\t\t\t\t\t\t\t\t<a class=\"elementor-button elementor-button-link elementor-size-sm\" href=\"#\">\n\t\t\t\t\t\t<span class=\"elementor-button-content-wrapper\">\n\t\t\t\t\t\t<span class=\"elementor-button-icon\">\n\t\t\t\t<svg aria-hidden=\"true\" class=\"e-font-icon-svg e-far-arrow-alt-circle-right\" viewBox=\"0 0 512 512\" xmlns=\"http:\/\/www.w3.org\/2000\/svg\"><path d=\"M504 256C504 119 393 8 256 8S8 119 8 256s111 248 248 248 248-111 248-248zm-448 0c0-110.5 89.5-200 200-200s200 89.5 200 200-89.5 200-200 200S56 366.5 56 256zm72 20v-40c0-6.6 5.4-12 12-12h116v-67c0-10.7 12.9-16 20.5-8.5l99 99c4.7 4.7 4.7 12.3 0 17l-99 99c-7.6 7.6-20.5 2.2-20.5-8.5v-67H140c-6.6 0-12-5.4-12-12z\"><\/path><\/svg>\t\t\t<\/span>\n\t\t\t\t\t\t\t\t\t<span class=\"elementor-button-text\">Zobacz ofert\u0119<\/span>\n\t\t\t\t\t<\/span>\n\t\t\t\t\t<\/a>\n\t\t\t\t\t\t\t\t<\/div>\n\t\t\t\t<div class=\"elementor-element elementor-element-e82a00a elementor-widget elementor-widget-heading\" data-id=\"e82a00a\" data-element_type=\"widget\" data-widget_type=\"heading.default\">\n\t\t\t\t\t<h4 class=\"elementor-heading-title elementor-size-default\">Do ka\u017cdego zakupionego wyrobu w\u0119glowego wystawiamy \u015aWIADECTWO JAKO\u015aCI PALIW STA\u0141YCH!<\/h4>\t\t\t\t<\/div>\n\t\t\t\t<div class=\"elementor-element elementor-element-6d03e98 elementor-widget elementor-widget-text-editor\" data-id=\"6d03e98\" data-element_type=\"widget\" data-widget_type=\"text-editor.default\">\n\t\t\t\t\t\t\t\t\t<p>Masz trudny orzech do zgryzienia i zastanawiasz si\u0119, co wybra\u0107:\u00a0<b>orzech czy kostk\u0119<\/b>? C\u00f3\u017c, nie mo\u017cemy dokona\u0107 wyboru za Ciebie, ale postaramy si\u0119 jak najlepiej opisa\u0107 na tej podstronie w\u0142a\u015bciwo\u015bci w\u0119gla o jak\u017ce smakowitej nazwie, by\u015b m\u00f3g\u0142 sam podj\u0105\u0107 w\u0142a\u015bciw\u0105 decyzj\u0119. Smacznego!\u00a0<\/p><p><b>Orzech 1 workowany\u00a0<\/b>i nie tylko, to nic innego jak w\u0119giel kamienny, kt\u00f3ry zaliczamy do opa\u0142\u00f3w grubo granulowanych. Co ciekawe, jest to jeden z najwi\u0119kszych i wci\u0105\u017c najcz\u0119\u015bciej wybieranych rodzaj\u00f3w w\u0119gla na polskim rynku. By\u0107 mo\u017ce popularno\u015b\u0107\u00a0<b>w\u0119gla orzech 1<\/b>\u00a0jest spowodowana faktem, i\u017c doskonale sprawdza si\u0119 w piecach tradycyjnych, kt\u00f3rych u\u017cytkownik\u00f3w nadal jest sporo. Tak czy owak, w\u0119giel ten mo\u017ce by\u0107 stosowany w wi\u0119kszo\u015bci rodzaj\u00f3w kot\u0142a zasypowego, a zalet przek\u0142adaj\u0105cych si\u0119 na wyb\u00f3r tego rodzaju opa\u0142u jest znacznie wi\u0119cej. Na pewno do jego wyboru przekonuje informacja o niskiej zawarto\u015bci siarki, dzi\u0119ki czemu\u00a0<b>w\u0119giel orzech\u00a0<\/b>nie stanowi zagro\u017cenia dla naszej przyrody, czyli jest ekologiczny. Ponadto\u00a0<b>w\u0119giel orzech 1\u00a0<\/b>zapewnia ekonomiczne grzanie, na co wp\u0142yw ma jego wysoka kaloryczno\u015b\u0107, a jak powszechnie wiadomo, parametr ten oznacza wydajno\u015b\u0107, dzi\u0119ki czemu zakupiony opa\u0142 wystarcza na znacznie d\u0142u\u017cej. Je\u015bli nie podoba Ci si\u0119 sprz\u0105tanie popio\u0142u, a chyba ma\u0142o kto lubi to robi\u0107, to z pewno\u015bci\u0105 ucieszy Ci\u0119 fakt, \u017ce po spaleniu\u00a0<b>w\u0119gla orzech 1<\/b>\u00a0pozostaje niewielka ilo\u015b\u0107 popio\u0142u. Zreszt\u0105 dzi\u0119ki temu zachowasz tak\u017ce wy\u017csz\u0105 \u017cywotno\u015b\u0107 swojego pieca. Skoro ju\u017c o piecu mowa, warto tak\u017ce podkre\u015bli\u0107, \u017ce\u00a0<b>w\u0119giel orzech 1\u00a0<\/b>nie jest smolisty, wi\u0119c nie osadza si\u0119 w systemie grzewczym. Dzi\u0119ki temu czyszczenie kot\u0142a nie stanowi k\u0142opotu, a jednocze\u015bnie masz pewno\u015b\u0107, \u017ce opa\u0142 ten jest bezpieczny dla Twojego pieca. A je\u015bli nale\u017cysz do grona zmarzluch\u00f3w, to pami\u0119taj, \u017ce\u00a0<b>w\u0119giel orzech 1<\/b>\u00a0mo\u017cna \u0142\u0105czy\u0107 z innymi materia\u0142ami grzewczymi, na przyk\u0142ad z\u00a0<b>pelletem<\/b>. W ten spos\u00f3b zwi\u0119kszysz kaloryczno\u015b\u0107 opa\u0142u i uzyskasz wi\u0119ksze ciep\u0142o, no i oszcz\u0119dno\u015b\u0107 w\u0119gla.\u00a0<\/p><p><b>Orzech 1\u00a0<\/b>Ole\u015bnicy\u00a0<b>workowany\u00a0<\/b>oraz luzem, znajdziesz na\u00a0<b>sk\u0142adzie w\u0119gla Ecocarbon<\/b>. Oferowany przez nas materia\u0142 grzewczy o granulacji 40-80 mm. zapewnia jaskrawy, obfity p\u0142omie\u0144 i d\u0142ugi czas spalania. Ponadto nie wykazuje tendencji do szlakowania.\u00a0<\/p>\t\t\t\t\t\t\t\t<\/div>\n\t\t\t\t<div class=\"elementor-element elementor-element-2f35e3c elementor-widget elementor-widget-text-editor\" data-id=\"2f35e3c\" data-element_type=\"widget\" data-widget_type=\"text-editor.default\">\n\t\t\t\t\t\t\t\t\t<p>Parametry:<\/p><ul><li>\u00a028-30MJ\/KG\u00a0<\/li><li>granulacja 40-80mm\u00a0<\/li><li>max 0,6 % siarki\u00a0<\/li><li>max 6% popio\u0142u<\/li><\/ul>\t\t\t\t\t\t\t\t<\/div>\n\t\t\t\t\t<\/div>\n\t\t\t\t<\/div>\n\t\t\t\t<\/div>\n\t\t","protected":false},"excerpt":{"rendered":"<p>_______ W\u0119giel orzech I Zobacz ofert\u0119 Do ka\u017cdego zakupionego wyrobu w\u0119glowego wystawiamy \u015aWIADECTWO JAKO\u015aCI PALIW STA\u0141YCH! Masz trudny orzech do zgryzienia i zastanawiasz si\u0119, co wybra\u0107:\u00a0orzech czy kostk\u0119? C\u00f3\u017c, nie mo\u017cemy dokona\u0107 wyboru za Ciebie, ale postaramy si\u0119 jak najlepiej opisa\u0107 na tej podstronie w\u0142a\u015bciwo\u015bci w\u0119gla o jak\u017ce smakowitej nazwie, by\u015b m\u00f3g\u0142 sam podj\u0105\u0107 w\u0142a\u015bciw\u0105 [&hellip;]<\/p>\n","protected":false},"author":1,"featured_media":0,"parent":0,"menu_order":0,"comment_status":"closed","ping_status":"closed","template":"elementor_header_footer","meta":{"footnotes":""},"class_list":["post-50","page","type-page","status-publish","hentry"],"_links":{"self":[{"href":"https:\/\/smartcarbon.pl\/index.php\/wp-json\/wp\/v2\/pages\/50","targetHints":{"allow":["GET"]}}],"collection":[{"href":"https:\/\/smartcarbon.pl\/index.php\/wp-json\/wp\/v2\/pages"}],"about":[{"href":"https:\/\/smartcarbon.pl\/index.php\/wp-json\/wp\/v2\/types\/page"}],"author":[{"embeddable":true,"href":"https:\/\/smartcarbon.pl\/index.php\/wp-json\/wp\/v2\/users\/1"}],"replies":[{"embeddable":true,"href":"https:\/\/smartcarbon.pl\/index.php\/wp-json\/wp\/v2\/comments?post=50"}],"version-history":[{"count":15,"href":"https:\/\/smartcarbon.pl\/index.php\/wp-json\/wp\/v2\/pages\/50\/revisions"}],"predecessor-version":[{"id":245,"href":"https:\/\/smartcarbon.pl\/index.php\/wp-json\/wp\/v2\/pages\/50\/revisions\/245"}],"wp:attachment":[{"href":"https:\/\/smartcarbon.pl\/index.php\/wp-json\/wp\/v2\/media?parent=50"}],"curies":[{"name":"wp","href":"https:\/\/api.w.org\/{rel}","templated":true}]}}