{"id":60,"date":"2025-07-16T09:41:11","date_gmt":"2025-07-16T07:41:11","guid":{"rendered":"http:\/\/serwer371373.lh.pl\/autoinstalator\/serwer371373.lh.pl\/wordpress127488\/?page_id=60"},"modified":"2025-07-16T13:29:41","modified_gmt":"2025-07-16T11:29:41","slug":"wegiel-orzech-ii","status":"publish","type":"page","link":"https:\/\/smartcarbon.pl\/index.php\/wegiel-orzech-ii\/","title":{"rendered":"W\u0119giel orzech II"},"content":{"rendered":"\t\t<div data-elementor-type=\"wp-page\" data-elementor-id=\"60\" class=\"elementor elementor-60\">\n\t\t\t\t<div class=\"elementor-element elementor-element-7914b8f e-flex e-con-boxed e-con e-parent\" data-id=\"7914b8f\" data-element_type=\"container\">\n\t\t\t\t\t<div class=\"e-con-inner\">\n\t\t\t\t<div class=\"elementor-element elementor-element-11139e7 elementor-widget elementor-widget-heading\" data-id=\"11139e7\" data-element_type=\"widget\" data-widget_type=\"heading.default\">\n\t\t\t\t\t<h2 class=\"elementor-heading-title elementor-size-default\">_______<\/h2>\t\t\t\t<\/div>\n\t\t\t\t\t<\/div>\n\t\t\t\t<\/div>\n\t\t<div class=\"elementor-element elementor-element-2af84f4 e-flex e-con-boxed e-con e-parent\" data-id=\"2af84f4\" data-element_type=\"container\">\n\t\t\t\t\t<div class=\"e-con-inner\">\n\t\t\t\t<div class=\"elementor-element elementor-element-cdcb18f elementor-widget elementor-widget-heading\" data-id=\"cdcb18f\" data-element_type=\"widget\" data-widget_type=\"heading.default\">\n\t\t\t\t\t<h1 class=\"elementor-heading-title elementor-size-default\">W\u0119giel orzech II<\/h1>\t\t\t\t<\/div>\n\t\t\t\t\t<\/div>\n\t\t\t\t<\/div>\n\t\t<div class=\"elementor-element elementor-element-a69c459 e-flex e-con-boxed e-con e-parent\" data-id=\"a69c459\" data-element_type=\"container\">\n\t\t\t\t\t<div class=\"e-con-inner\">\n\t\t\t\t<div class=\"elementor-element elementor-element-33fcc26 elementor-widget elementor-widget-image\" data-id=\"33fcc26\" data-element_type=\"widget\" data-widget_type=\"image.default\">\n\t\t\t\t\t\t\t\t\t\t\t\t\t\t\t<img fetchpriority=\"high\" decoding=\"async\" width=\"740\" height=\"554\" src=\"https:\/\/smartcarbon.pl\/wp-content\/uploads\/2025\/07\/tekstura-cementu_1194-6499.jpg\" class=\"attachment-large size-large wp-image-25\" alt=\"\" srcset=\"https:\/\/smartcarbon.pl\/wp-content\/uploads\/2025\/07\/tekstura-cementu_1194-6499.jpg 740w, https:\/\/smartcarbon.pl\/wp-content\/uploads\/2025\/07\/tekstura-cementu_1194-6499-300x225.jpg 300w\" sizes=\"(max-width: 740px) 100vw, 740px\" \/>\t\t\t\t\t\t\t\t\t\t\t\t\t\t\t<\/div>\n\t\t\t\t<div class=\"elementor-element elementor-element-3910d4f elementor-align-center elementor-widget elementor-widget-button\" data-id=\"3910d4f\" data-element_type=\"widget\" data-widget_type=\"button.default\">\n\t\t\t\t\t\t\t\t\t\t<a class=\"elementor-button elementor-button-link elementor-size-sm\" href=\"#\">\n\t\t\t\t\t\t<span class=\"elementor-button-content-wrapper\">\n\t\t\t\t\t\t<span class=\"elementor-button-icon\">\n\t\t\t\t<svg aria-hidden=\"true\" class=\"e-font-icon-svg e-far-arrow-alt-circle-right\" viewBox=\"0 0 512 512\" xmlns=\"http:\/\/www.w3.org\/2000\/svg\"><path d=\"M504 256C504 119 393 8 256 8S8 119 8 256s111 248 248 248 248-111 248-248zm-448 0c0-110.5 89.5-200 200-200s200 89.5 200 200-89.5 200-200 200S56 366.5 56 256zm72 20v-40c0-6.6 5.4-12 12-12h116v-67c0-10.7 12.9-16 20.5-8.5l99 99c4.7 4.7 4.7 12.3 0 17l-99 99c-7.6 7.6-20.5 2.2-20.5-8.5v-67H140c-6.6 0-12-5.4-12-12z\"><\/path><\/svg>\t\t\t<\/span>\n\t\t\t\t\t\t\t\t\t<span class=\"elementor-button-text\">Zobacz ofert\u0119<\/span>\n\t\t\t\t\t<\/span>\n\t\t\t\t\t<\/a>\n\t\t\t\t\t\t\t\t<\/div>\n\t\t\t\t<div class=\"elementor-element elementor-element-e82a00a elementor-widget elementor-widget-heading\" data-id=\"e82a00a\" data-element_type=\"widget\" data-widget_type=\"heading.default\">\n\t\t\t\t\t<h4 class=\"elementor-heading-title elementor-size-default\">Do ka\u017cdego zakupionego wyrobu w\u0119glowego wystawiamy \u015aWIADECTWO JAKO\u015aCI PALIW STA\u0141YCH!<\/h4>\t\t\t\t<\/div>\n\t\t\t\t<div class=\"elementor-element elementor-element-6d03e98 elementor-widget elementor-widget-text-editor\" data-id=\"6d03e98\" data-element_type=\"widget\" data-widget_type=\"text-editor.default\">\n\t\t\t\t\t\t\t\t\t<p>Do naszego orzecha nie trzeba dziadka, bo nawet ci mniej do\u015bwiadczeni sobie z nim poradz\u0105. Ale jak ju\u017c dziadek mr\u00f3z wpadnie, to dobrze mie\u0107 w domu ciep\u0142o\u00a0\u2014\u00a0o to najlepiej zatroszczy si\u0119\u00a0<b>w\u0119giel\u00a0orzech II.<\/b><\/p><p><b>Orzech II<\/b>, podobnie jak\u00a0<b>orzech I<\/b>, to rodzaj w\u0119gla kamiennego grubo granulowanego. R\u00f3\u017cnica mi\u0119dzy nim a\u00a0<b>orzechem I<\/b>\u00a0widoczna jest w granulacji \u2014\u00a0<b>w\u0119giel orzech 2<\/b>\u00a0mie\u015bci si\u0119 w wielko\u015bci 30-50 mm.\u00a0 Pozosta\u0142e cechy i w\u0142a\u015bciwo\u015bci s\u0105 takie same:\u00a0<b>w\u0119giel orzech II<\/b>\u00a0tak\u017ce zapewnia jaskrawy, obfity p\u0142omie\u0144 i d\u0142ugi czas spalania, oraz nie wykazuje tendencji do szlakowania. Ponadto mo\u017ce by\u0107 stosowany w wi\u0119kszo\u015bci rodzaj\u00f3w kot\u0142a zasypowego, daje rad\u0119 nawet w tradycyjnych piecach. Co wi\u0119cej, niezale\u017cnie od tego, czy wybierzesz\u00a0<b>w\u0119giel orzech workowany<\/b>, czy luzem, ka\u017cdy z nich charakteryzuje si\u0119 nisk\u0105 zawarto\u015bci\u0105 siarki.\u00a0<\/p><p>Niew\u0105tpliwie ten rodzaj materia\u0142u grzewczego jest wydajny, ze wzgl\u0119du na wysok\u0105 kaloryczno\u015b\u0107. Dzi\u0119ki temu ogrzewanie staje si\u0119 ekonomiczne, bo zakupiony w\u0119giel starczy na d\u0142u\u017cej. Warto tak\u017ce podkre\u015bli\u0107, \u017ce\u00a0<b>orzech II<\/b>, podobnie jak jego brat, jest bezpieczny dla systemu grzewczego, poniewa\u017c nie jest smolisty i nie osadza si\u0119 w cz\u0119\u015bciach pieca. R\u00f3wnocze\u015bnie dzi\u0119ki niewielkiej ilo\u015bci powsta\u0142ego popio\u0142u utrzymanie pieca w czysto\u015bci staje si\u0119 znacznie prostsze. No i warto pami\u0119ta\u0107, \u017ce\u00a0<b>w\u0119giel orzech II<\/b>\u00a0mo\u017cna \u0142\u0105czy\u0107 z innymi materia\u0142ami grzewczymi, na przyk\u0142ad z\u00a0<b>pelletem<\/b>.\u00a0<\/p><p>Twarde jak\u00a0<b>orzech II\u00a0<\/b>fakty, przeczytasz w specyfikacji poni\u017cej. Pami\u0119taj tak\u017ce, \u017ce najlepszy\u00a0<b>w\u0119giel orzech II w Ole\u015bnicy\u00a0<\/b>znajdziesz na sk\u0142adzie\u00a0<b>w\u0119gla Ecocarbon<\/b>!\u00a0<\/p>\t\t\t\t\t\t\t\t<\/div>\n\t\t\t\t<div class=\"elementor-element elementor-element-2f35e3c elementor-widget elementor-widget-text-editor\" data-id=\"2f35e3c\" data-element_type=\"widget\" data-widget_type=\"text-editor.default\">\n\t\t\t\t\t\t\t\t\t<p><b>Parametry:\u00a0<\/b><\/p><ul><li><b>28-30MJ\/KG\u00a0<\/b><\/li><li><b>granulacja 30-50 mm\u00a0<\/b><\/li><li><b>max 0,6 % siarki\u00a0<\/b><\/li><li><b>max 6% popio\u0142u<\/b><\/li><\/ul>\t\t\t\t\t\t\t\t<\/div>\n\t\t\t\t\t<\/div>\n\t\t\t\t<\/div>\n\t\t\t\t<\/div>\n\t\t","protected":false},"excerpt":{"rendered":"<p>_______ W\u0119giel orzech II Zobacz ofert\u0119 Do ka\u017cdego zakupionego wyrobu w\u0119glowego wystawiamy \u015aWIADECTWO JAKO\u015aCI PALIW STA\u0141YCH! Do naszego orzecha nie trzeba dziadka, bo nawet ci mniej do\u015bwiadczeni sobie z nim poradz\u0105. Ale jak ju\u017c dziadek mr\u00f3z wpadnie, to dobrze mie\u0107 w domu ciep\u0142o\u00a0\u2014\u00a0o to najlepiej zatroszczy si\u0119\u00a0w\u0119giel\u00a0orzech II. Orzech II, podobnie jak\u00a0orzech I, to rodzaj [&hellip;]<\/p>\n","protected":false},"author":1,"featured_media":0,"parent":0,"menu_order":0,"comment_status":"closed","ping_status":"closed","template":"elementor_header_footer","meta":{"footnotes":""},"class_list":["post-60","page","type-page","status-publish","hentry"],"_links":{"self":[{"href":"https:\/\/smartcarbon.pl\/index.php\/wp-json\/wp\/v2\/pages\/60","targetHints":{"allow":["GET"]}}],"collection":[{"href":"https:\/\/smartcarbon.pl\/index.php\/wp-json\/wp\/v2\/pages"}],"about":[{"href":"https:\/\/smartcarbon.pl\/index.php\/wp-json\/wp\/v2\/types\/page"}],"author":[{"embeddable":true,"href":"https:\/\/smartcarbon.pl\/index.php\/wp-json\/wp\/v2\/users\/1"}],"replies":[{"embeddable":true,"href":"https:\/\/smartcarbon.pl\/index.php\/wp-json\/wp\/v2\/comments?post=60"}],"version-history":[{"count":9,"href":"https:\/\/smartcarbon.pl\/index.php\/wp-json\/wp\/v2\/pages\/60\/revisions"}],"predecessor-version":[{"id":249,"href":"https:\/\/smartcarbon.pl\/index.php\/wp-json\/wp\/v2\/pages\/60\/revisions\/249"}],"wp:attachment":[{"href":"https:\/\/smartcarbon.pl\/index.php\/wp-json\/wp\/v2\/media?parent=60"}],"curies":[{"name":"wp","href":"https:\/\/api.w.org\/{rel}","templated":true}]}}