{"id":70,"date":"2025-07-16T09:46:29","date_gmt":"2025-07-16T07:46:29","guid":{"rendered":"http:\/\/serwer371373.lh.pl\/autoinstalator\/serwer371373.lh.pl\/wordpress127488\/?page_id=70"},"modified":"2025-07-16T13:26:58","modified_gmt":"2025-07-16T11:26:58","slug":"drewno-rozpalkowe","status":"publish","type":"page","link":"https:\/\/smartcarbon.pl\/index.php\/drewno-rozpalkowe\/","title":{"rendered":"Drewno rozpa\u0142kowe"},"content":{"rendered":"\t\t<div data-elementor-type=\"wp-page\" data-elementor-id=\"70\" class=\"elementor elementor-70\">\n\t\t\t\t<div class=\"elementor-element elementor-element-7914b8f e-flex e-con-boxed e-con e-parent\" data-id=\"7914b8f\" data-element_type=\"container\">\n\t\t\t\t\t<div class=\"e-con-inner\">\n\t\t\t\t<div class=\"elementor-element elementor-element-11139e7 elementor-widget elementor-widget-heading\" data-id=\"11139e7\" data-element_type=\"widget\" data-widget_type=\"heading.default\">\n\t\t\t\t\t<h2 class=\"elementor-heading-title elementor-size-default\">_______<\/h2>\t\t\t\t<\/div>\n\t\t\t\t\t<\/div>\n\t\t\t\t<\/div>\n\t\t<div class=\"elementor-element elementor-element-2af84f4 e-flex e-con-boxed e-con e-parent\" data-id=\"2af84f4\" data-element_type=\"container\">\n\t\t\t\t\t<div class=\"e-con-inner\">\n\t\t\t\t<div class=\"elementor-element elementor-element-cdcb18f elementor-widget elementor-widget-heading\" data-id=\"cdcb18f\" data-element_type=\"widget\" data-widget_type=\"heading.default\">\n\t\t\t\t\t<h1 class=\"elementor-heading-title elementor-size-default\">Drewno rozpa\u0142kowe<\/h1>\t\t\t\t<\/div>\n\t\t\t\t\t<\/div>\n\t\t\t\t<\/div>\n\t\t<div class=\"elementor-element elementor-element-a69c459 e-flex e-con-boxed e-con e-parent\" data-id=\"a69c459\" data-element_type=\"container\">\n\t\t\t\t\t<div class=\"e-con-inner\">\n\t\t\t\t<div class=\"elementor-element elementor-element-33fcc26 elementor-widget elementor-widget-image\" data-id=\"33fcc26\" data-element_type=\"widget\" data-widget_type=\"image.default\">\n\t\t\t\t\t\t\t\t\t\t\t\t\t\t\t<img fetchpriority=\"high\" decoding=\"async\" width=\"740\" height=\"554\" src=\"https:\/\/smartcarbon.pl\/wp-content\/uploads\/2025\/07\/tekstura-cementu_1194-6499.jpg\" class=\"attachment-large size-large wp-image-25\" alt=\"\" srcset=\"https:\/\/smartcarbon.pl\/wp-content\/uploads\/2025\/07\/tekstura-cementu_1194-6499.jpg 740w, https:\/\/smartcarbon.pl\/wp-content\/uploads\/2025\/07\/tekstura-cementu_1194-6499-300x225.jpg 300w\" sizes=\"(max-width: 740px) 100vw, 740px\" \/>\t\t\t\t\t\t\t\t\t\t\t\t\t\t\t<\/div>\n\t\t\t\t<div class=\"elementor-element elementor-element-3910d4f elementor-align-center elementor-widget elementor-widget-button\" data-id=\"3910d4f\" data-element_type=\"widget\" data-widget_type=\"button.default\">\n\t\t\t\t\t\t\t\t\t\t<a class=\"elementor-button elementor-button-link elementor-size-sm\" href=\"#\">\n\t\t\t\t\t\t<span class=\"elementor-button-content-wrapper\">\n\t\t\t\t\t\t<span class=\"elementor-button-icon\">\n\t\t\t\t<svg aria-hidden=\"true\" class=\"e-font-icon-svg e-far-arrow-alt-circle-right\" viewBox=\"0 0 512 512\" xmlns=\"http:\/\/www.w3.org\/2000\/svg\"><path d=\"M504 256C504 119 393 8 256 8S8 119 8 256s111 248 248 248 248-111 248-248zm-448 0c0-110.5 89.5-200 200-200s200 89.5 200 200-89.5 200-200 200S56 366.5 56 256zm72 20v-40c0-6.6 5.4-12 12-12h116v-67c0-10.7 12.9-16 20.5-8.5l99 99c4.7 4.7 4.7 12.3 0 17l-99 99c-7.6 7.6-20.5 2.2-20.5-8.5v-67H140c-6.6 0-12-5.4-12-12z\"><\/path><\/svg>\t\t\t<\/span>\n\t\t\t\t\t\t\t\t\t<span class=\"elementor-button-text\">Zobacz ofert\u0119<\/span>\n\t\t\t\t\t<\/span>\n\t\t\t\t\t<\/a>\n\t\t\t\t\t\t\t\t<\/div>\n\t\t\t\t<div class=\"elementor-element elementor-element-6d03e98 elementor-widget elementor-widget-text-editor\" data-id=\"6d03e98\" data-element_type=\"widget\" data-widget_type=\"text-editor.default\">\n\t\t\t\t\t\t\t\t\t<p>Mo\u017cesz sta\u0107 si\u0119 bohaterem swoich czterech k\u0105t\u00f3w i supermanem na grillu rodzinnym. Jednym zdaniem, \u017ceby da\u0107 ognia, potrzebujesz\u00a0<b>drewna na rozpa\u0142k\u0119.<\/b>\u00a0<\/p><p><b>Drewno na rozpa\u0142k\u0119<\/b>\u00a0chyba nie wymaga obszernego opisu, bo ka\u017cdy wie, do czego ono s\u0142u\u017cy. Tylko \u017ceby uzyska\u0107 zamierzony efekt,\u00a0<b>drewno na rozpa\u0142k\u0119<\/b>\u00a0musi by\u0107 suchutkie. W\u00a0<b>Ecocarbon w Ole\u015bnicy, drewno rozpa\u0142kowe<\/b>\u00a0jest najlepszej jako\u015bci. Idealnie nadaje si\u0119 do rozpalania ognia w kominku, piecu, w\u0119dzarni, grillu, czy ognisku. Wsz\u0119dzie tam, gdzie potrzeba wznieci\u0107 p\u0142omie\u0144,\u00a0<b>drewno do rozpalania\u00a0<\/b>pomo\u017ce Ci zako\u0144czy\u0107 misj\u0119 powodzeniem.\u00a0<\/p><p><b>Drewno na rozpa\u0142k\u0119 Ecocarbon<\/b>\u00a0sk\u0142ada si\u0119 z wysuszonej mieszanki drewna z drzew iglastych w bardzo drobnych kawa\u0142kach. Nie zawiera \u017cadnych lakier\u00f3w, farb, czy innych szkodliwych substancji.<\/p>\t\t\t\t\t\t\t\t<\/div>\n\t\t\t\t\t<\/div>\n\t\t\t\t<\/div>\n\t\t\t\t<\/div>\n\t\t","protected":false},"excerpt":{"rendered":"<p>_______ Drewno rozpa\u0142kowe Zobacz ofert\u0119 Mo\u017cesz sta\u0107 si\u0119 bohaterem swoich czterech k\u0105t\u00f3w i supermanem na grillu rodzinnym. Jednym zdaniem, \u017ceby da\u0107 ognia, potrzebujesz\u00a0drewna na rozpa\u0142k\u0119.\u00a0 Drewno na rozpa\u0142k\u0119\u00a0chyba nie wymaga obszernego opisu, bo ka\u017cdy wie, do czego ono s\u0142u\u017cy. Tylko \u017ceby uzyska\u0107 zamierzony efekt,\u00a0drewno na rozpa\u0142k\u0119\u00a0musi by\u0107 suchutkie. W\u00a0Ecocarbon w Ole\u015bnicy, drewno rozpa\u0142kowe\u00a0jest najlepszej jako\u015bci. [&hellip;]<\/p>\n","protected":false},"author":1,"featured_media":0,"parent":0,"menu_order":0,"comment_status":"closed","ping_status":"closed","template":"elementor_header_footer","meta":{"footnotes":""},"class_list":["post-70","page","type-page","status-publish","hentry"],"_links":{"self":[{"href":"https:\/\/smartcarbon.pl\/index.php\/wp-json\/wp\/v2\/pages\/70","targetHints":{"allow":["GET"]}}],"collection":[{"href":"https:\/\/smartcarbon.pl\/index.php\/wp-json\/wp\/v2\/pages"}],"about":[{"href":"https:\/\/smartcarbon.pl\/index.php\/wp-json\/wp\/v2\/types\/page"}],"author":[{"embeddable":true,"href":"https:\/\/smartcarbon.pl\/index.php\/wp-json\/wp\/v2\/users\/1"}],"replies":[{"embeddable":true,"href":"https:\/\/smartcarbon.pl\/index.php\/wp-json\/wp\/v2\/comments?post=70"}],"version-history":[{"count":9,"href":"https:\/\/smartcarbon.pl\/index.php\/wp-json\/wp\/v2\/pages\/70\/revisions"}],"predecessor-version":[{"id":213,"href":"https:\/\/smartcarbon.pl\/index.php\/wp-json\/wp\/v2\/pages\/70\/revisions\/213"}],"wp:attachment":[{"href":"https:\/\/smartcarbon.pl\/index.php\/wp-json\/wp\/v2\/media?parent=70"}],"curies":[{"name":"wp","href":"https:\/\/api.w.org\/{rel}","templated":true}]}}